{"id":3128,"date":"2024-09-14T11:40:58","date_gmt":"2024-09-14T09:40:58","guid":{"rendered":"https:\/\/riam.servermdz.com\/web\/?page_id=3128"},"modified":"2024-12-03T17:21:55","modified_gmt":"2024-12-03T16:21:55","slug":"historique","status":"publish","type":"page","link":"https:\/\/riam.servermdz.com\/web\/historique\/","title":{"rendered":"Historique"},"content":{"rendered":"\t\t<div data-elementor-type=\"wp-page\" data-elementor-id=\"3128\" class=\"elementor elementor-3128\">\n\t\t\t\t<div class=\"elementor-element elementor-element-237ac30 e-flex e-con-boxed e-con e-parent\" data-id=\"237ac30\" data-element_type=\"container\" data-e-type=\"container\">\n\t\t\t\t\t<div class=\"e-con-inner\">\n\t\t\t\t<div class=\"elementor-element elementor-element-429274d elementor-widget elementor-widget-text-editor\" data-id=\"429274d\" data-element_type=\"widget\" data-e-type=\"widget\" data-widget_type=\"text-editor.default\">\n\t\t\t\t<div class=\"elementor-widget-container\">\n\t\t\t\t\t\t\t\t\t<h2>Historique<\/h2>\n<p><!-- \/wp:heading --><!-- wp:paragraph --><\/p>\n<p>Les 26 et 27 janvier 2013, des acteurs de l\u2019agro\u00e9cologie au Maroc organisent les\u00a0<strong>Premi\u00e8res rencontres nationales du R\u00e9seau des initiatives agro\u00e9cologiques au Maroc<\/strong>. Ces journ\u00e9es ont mis en avant l\u2019agro\u00e9cologie comme alternative, tant \u00e0 la d\u00e9gradation massive des patrimoines nourriciers, \u00e0 l\u2019ins\u00e9curit\u00e9 alimentaire, \u00e0 la pauvret\u00e9, qu\u2019\u00e0 l\u2019exode des populations paysannes vers les centres urbains. Une solution pour un pays comme le Maroc o\u00f9 l\u2019agriculture reste majoritairement familiale et dont plus de 90% du territoire est concern\u00e9 par l\u2019aridit\u00e9.<\/p>\n<p>Lors de ces premi\u00e8res rencontres nationales, le RIAM a pu clarifier ses\u00a0<strong>objectifs<\/strong>, \u00e0 savoir\u00a0<strong>devenir une plateforme d\u2019information et de communication entre acteurs de l\u2019agro\u00e9cologie, r\u00e9pondre \u00e0 leurs probl\u00e9matiques par l\u2019organisation d\u2019\u00e9changes, de formations, la capitalisation et la mutualisation de moyens.<\/strong><\/p>\n<p>Un large d\u00e9bat a anim\u00e9 l\u2019assembl\u00e9e quant \u00e0 la structuration \u00e0 donner au r\u00e9seau. \u00c0 Sal\u00e9, plus de 150 participants au terme des 2 journ\u00e9es d\u2019\u00e9changes et de r\u00e9flexion officialisent le r\u00e9seau sous la forme d\u2019un r\u00e9seau informel, vivant et diversifi\u00e9, r\u00e9uni par une coordination nationale \u00e0 laquelle chacun est invit\u00e9 \u00e0 participer. Diff\u00e9rents groupes de travail ont \u00e9t\u00e9 mis en place en fonction des axes prioritaires du r\u00e9seau tant li\u00e9s \u00e0 son fonctionnement (gouvernance, financement, communication, etc.) qu\u2019aux initiatives concr\u00e8tes port\u00e9es par ses membres, \u00e0 impulser, appuyer ou d\u00e9multiplier : permaculture, apiculture, partenariat local solidaire entre producteur et consommateur (PLSPC), agritourisme (h\u00e9bergement et restauration), agriculture urbaine, etc.<\/p>\n<p>Apr\u00e8s deux ann\u00e9es et demie d\u2019existence du r\u00e9seau informel, le RIAM a d\u00e9cid\u00e9 d\u2019\u00e9voluer vers un r\u00e9seau l\u00e9galement constitu\u00e9 en association (dahir 1958).\u00a0<strong>L\u2019assembl\u00e9e g\u00e9n\u00e9rale du 29 juin 2015 adopte les statuts associatifs<\/strong>\u00a0et \u00e9lit, pour deux ann\u00e9es, son premier Comit\u00e9 d\u2019orientation strat\u00e9gique 2015\/2017.<\/p>\n<p>Au cours des deux premi\u00e8res ann\u00e9es d\u2019existence, l\u2019accent est mis sur le besoin de se faire conna\u00eetre \u00e0 travers tout le pays. Le RIAM organise, en 2016 et 2017,\u00a0<strong>8 forums r\u00e9gionaux d\u2019agriculture durable<\/strong>\u00a0cl\u00f4tur\u00e9s fin 2018 par les Assises nationales pour la transition agro\u00e9cologique.<br \/><em>Un<\/em><strong><em>\u00a0Recueil des exp\u00e9riences, bonnes pratiques et circuits courts<\/em><\/strong>\u00a0entre producteurs d\u2019agriculture durable et consommateurs est publi\u00e9.<\/p>\n<p>Le RIAM a \u00e9galement d\u00e9velopp\u00e9 et mis en place, sur la base de cahiers des charges (production v\u00e9g\u00e9tale, apiculture, aviculture), un\u00a0<strong>syst\u00e8me participatif de garantie<\/strong>\u00a0(SPG), sous l\u2019appellation\u00a0<strong>Agro\u00e9cologie Maroc<\/strong>. Ce projet a \u00e9t\u00e9 accompagn\u00e9 par le CIRAD pour la zone pilote de Rabat . Il permet de labelliser chaque ann\u00e9e des fermes et jardins (26 en octobre 2019). Des producteurs s\u2019organisent \u00e9galement dans la zone de Marrakech pour adopter le SPG avec quelques adaptations li\u00e9es au contexte agricole et climatique.<\/p>\n<p>Il a appuy\u00e9 l\u2019\u00e9mergence de\u00a0<strong><u>4 march\u00e9s paysans eco-solidaires <\/u>( Rabat, Mohamm\u00e9dia, Casablanca, Marrakech)<\/strong><\/p>\n<p>Enfin, l&rsquo;initiation d\u2019un <strong>Observatoire de l\u2019agro\u00e9cologie au Maroc<\/strong>\u00a0a \u00e9t\u00e9 mis en place en partenariat avec l\u2019IRD (Institut de recherche et de d\u00e9veloppement), le CIRAD et le LITOPAD (laboratoire h\u00e9berg\u00e9 \u00e0 la facult\u00e9 des lettres et des sciences humaines de Rabat).<\/p>\n<h2>Gouvernance<\/h2>\n<p>La gouvernance est une th\u00e9matique prioritaire pour le RIAM,\u00a0 et se doit d\u2019\u00eatre en coh\u00e9rence avec les valeurs port\u00e9es par l\u2019association. La gouvernance concerne \u00e0 la fois la mani\u00e8re de travailler et de prendre des d\u00e9cisions au sein et entre les divers organes \/ membres de l\u2019association \u00e0 tous les niveaux que ce soit.<\/p>\n<p>\u00c0 l\u2019issue de travaux sur la gouvernance, le RIAM a opt\u00e9 pour une organisation la plus horizontale possible, dynamique et vivante, en constante \u00e9volution, permettant \u00e0 l\u2019ensemble des acteurs impliqu\u00e9s d\u2019\u00e9tablir des relations souples et dynamiques, tout en pr\u00e9servant leur int\u00e9grit\u00e9 et leur autonomie propre.<\/p>\n<p>Les r\u00e8gles de cette gouvernance, qui se veut organique, se d\u00e9clinent dans plusieurs documents\u00a0: statuts, r\u00e8glement int\u00e9rieur, charte, et autres documents en cours de modification.<\/p>\n<p><strong>Structure organique\u00a0: autonomie et coop\u00e9ration<\/strong><\/p>\n<p>L\u2019organisation du RIAM s\u2019apparente \u00e0 celle d\u2019un corps vivant et se base sur les principes de liens organiques :<\/p>\n<ul>\n<li>compos\u00e9 par des acteurs de l\u2019agro\u00e9cologie, adh\u00e9rents,\u00a0<strong>ses cellules<\/strong>,<\/li>\n<li>structur\u00e9 en diff\u00e9rents p\u00f4les, commissions,\u00a0<strong>ses organes<\/strong>,<\/li>\n<li>anim\u00e9 par l\u2019ensemble des liens et des relations \u00e0 ses divers niveaux, et par les r\u00f4les investis par les adh\u00e9rents impliqu\u00e9s.<\/li>\n<\/ul>\n<p>Ses p\u00f4les et commissions sont fixes et \u00e9ph\u00e9m\u00e8res\u00a0:<\/p>\n<ul>\n<li>commission communication, commission gouvernance, commission financements, commission RIAM SPG, commission m\u00e9diation.<\/li>\n<li>p\u00f4les recherche et exp\u00e9rimentation, p\u00f4le formation et transition, p\u00f4le international, p\u00f4le commercialisation, p\u00f4le agriculture urbaine, p\u00f4le \u00e9co et agrotourisme.<\/li>\n<\/ul>\n<p>\u00a0<\/p>\n<p><!-- \/wp:paragraph --><\/p>\t\t\t\t\t\t\t\t<\/div>\n\t\t\t\t<\/div>\n\t\t\t\t\t<\/div>\n\t\t\t\t<\/div>\n\t\t\t\t<\/div>\n\t\t\n    <div class=\"xs_social_share_widget xs_share_url after_content \t\tmain_content  wslu-style-1 wslu-share-box-shaped wslu-fill-colored wslu-none wslu-share-horizontal wslu-theme-font-no wslu-main_content\">\n\n\t\t\n        <ul>\n\t\t\t        <\/ul>\n    <\/div> \n","protected":false},"excerpt":{"rendered":"<p>Historique Les 26 et 27 janvier 2013, des acteurs de l\u2019agro\u00e9cologie au Maroc organisent les\u00a0Premi\u00e8res rencontres nationales du R\u00e9seau des initiatives agro\u00e9cologiques au Maroc. Ces journ\u00e9es ont mis en avant l\u2019agro\u00e9cologie comme alternative, tant \u00e0 la d\u00e9gradation massive des patrimoines nourriciers, \u00e0 l\u2019ins\u00e9curit\u00e9 alimentaire, \u00e0 la pauvret\u00e9, qu\u2019\u00e0 l\u2019exode des populations paysannes vers les centres [&hellip;]<\/p>\n","protected":false},"author":1,"featured_media":0,"parent":0,"menu_order":0,"comment_status":"closed","ping_status":"closed","template":"","meta":{"inline_featured_image":false,"_monsterinsights_skip_tracking":false,"_monsterinsights_sitenote_active":false,"_monsterinsights_sitenote_note":"","_monsterinsights_sitenote_category":0,"footnotes":""},"class_list":["post-3128","page","type-page","status-publish","hentry"],"blocksy_meta":[],"aioseo_notices":[],"_links":{"self":[{"href":"https:\/\/riam.servermdz.com\/web\/wp-json\/wp\/v2\/pages\/3128","targetHints":{"allow":["GET"]}}],"collection":[{"href":"https:\/\/riam.servermdz.com\/web\/wp-json\/wp\/v2\/pages"}],"about":[{"href":"https:\/\/riam.servermdz.com\/web\/wp-json\/wp\/v2\/types\/page"}],"author":[{"embeddable":true,"href":"https:\/\/riam.servermdz.com\/web\/wp-json\/wp\/v2\/users\/1"}],"replies":[{"embeddable":true,"href":"https:\/\/riam.servermdz.com\/web\/wp-json\/wp\/v2\/comments?post=3128"}],"version-history":[{"count":16,"href":"https:\/\/riam.servermdz.com\/web\/wp-json\/wp\/v2\/pages\/3128\/revisions"}],"predecessor-version":[{"id":3620,"href":"https:\/\/riam.servermdz.com\/web\/wp-json\/wp\/v2\/pages\/3128\/revisions\/3620"}],"wp:attachment":[{"href":"https:\/\/riam.servermdz.com\/web\/wp-json\/wp\/v2\/media?parent=3128"}],"curies":[{"name":"wp","href":"https:\/\/api.w.org\/{rel}","templated":true}]}}

<div data-elementor-type="wp-page" data-elementor-id="3128" class="elementor elementor-3128">
				<div class="elementor-element elementor-element-237ac30 e-flex e-con-boxed e-con e-parent" data-id="237ac30" data-element_type="container" data-e-type="container">
					<div class="e-con-inner">
				<div class="elementor-element elementor-element-429274d elementor-widget elementor-widget-text-editor" data-id="429274d" data-element_type="widget" data-e-type="widget" data-widget_type="text-editor.default">
				<div class="elementor-widget-container">
									<h2>Historique</h2>
<p><!-- /wp:heading --><!-- wp:paragraph --></p>
<p>Les 26 et 27 janvier 2013, des acteurs de l’agroécologie au Maroc organisent les <strong>Premières rencontres nationales du Réseau des initiatives agroécologiques au Maroc</strong>. Ces journées ont mis en avant l’agroécologie comme alternative, tant à la dégradation massive des patrimoines nourriciers, à l’insécurité alimentaire, à la pauvreté, qu’à l’exode des populations paysannes vers les centres urbains. Une solution pour un pays comme le Maroc où l’agriculture reste majoritairement familiale et dont plus de 90% du territoire est concerné par l’aridité.</p>
<p>Lors de ces premières rencontres nationales, le RIAM a pu clarifier ses <strong>objectifs</strong>, à savoir <strong>devenir une plateforme d’information et de communication entre acteurs de l’agroécologie, répondre à leurs problématiques par l’organisation d’échanges, de formations, la capitalisation et la mutualisation de moyens.</strong></p>
<p>Un large débat a animé l’assemblée quant à la structuration à donner au réseau. À Salé, plus de 150 participants au terme des 2 journées d’échanges et de réflexion officialisent le réseau sous la forme d’un réseau informel, vivant et diversifié, réuni par une coordination nationale à laquelle chacun est invité à participer. Différents groupes de travail ont été mis en place en fonction des axes prioritaires du réseau tant liés à son fonctionnement (gouvernance, financement, communication, etc.) qu’aux initiatives concrètes portées par ses membres, à impulser, appuyer ou démultiplier : permaculture, apiculture, partenariat local solidaire entre producteur et consommateur (PLSPC), agritourisme (hébergement et restauration), agriculture urbaine, etc.</p>
<p>Après deux années et demie d’existence du réseau informel, le RIAM a décidé d’évoluer vers un réseau légalement constitué en association (dahir 1958). <strong>L’assemblée générale du 29 juin 2015 adopte les statuts associatifs</strong> et élit, pour deux années, son premier Comité d’orientation stratégique 2015/2017.</p>
<p>Au cours des deux premières années d’existence, l’accent est mis sur le besoin de se faire connaître à travers tout le pays. Le RIAM organise, en 2016 et 2017, <strong>8 forums régionaux d’agriculture durable</strong> clôturés fin 2018 par les Assises nationales pour la transition agroécologique.<br /><em>Un</em><strong><em> Recueil des expériences, bonnes pratiques et circuits courts</em></strong> entre producteurs d’agriculture durable et consommateurs est publié.</p>
<p>Le RIAM a également développé et mis en place, sur la base de cahiers des charges (production végétale, apiculture, aviculture), un <strong>système participatif de garantie</strong> (SPG), sous l’appellation <strong>Agroécologie Maroc</strong>. Ce projet a été accompagné par le CIRAD pour la zone pilote de Rabat . Il permet de labelliser chaque année des fermes et jardins (26 en octobre 2019). Des producteurs s’organisent également dans la zone de Marrakech pour adopter le SPG avec quelques adaptations liées au contexte agricole et climatique.</p>
<p>Il a appuyé l’émergence de <strong><u>4 marchés paysans eco-solidaires </u>( Rabat, Mohammédia, Casablanca, Marrakech)</strong></p>
<p>Enfin, l&rsquo;initiation d’un <strong>Observatoire de l’agroécologie au Maroc</strong> a été mis en place en partenariat avec l’IRD (Institut de recherche et de développement), le CIRAD et le LITOPAD (laboratoire hébergé à la faculté des lettres et des sciences humaines de Rabat).</p>
<h2>Gouvernance</h2>
<p>La gouvernance est une thématique prioritaire pour le RIAM,  et se doit d’être en cohérence avec les valeurs portées par l’association. La gouvernance concerne à la fois la manière de travailler et de prendre des décisions au sein et entre les divers organes / membres de l’association à tous les niveaux que ce soit.</p>
<p>À l’issue de travaux sur la gouvernance, le RIAM a opté pour une organisation la plus horizontale possible, dynamique et vivante, en constante évolution, permettant à l’ensemble des acteurs impliqués d’établir des relations souples et dynamiques, tout en préservant leur intégrité et leur autonomie propre.</p>
<p>Les règles de cette gouvernance, qui se veut organique, se déclinent dans plusieurs documents : statuts, règlement intérieur, charte, et autres documents en cours de modification.</p>
<p><strong>Structure organique : autonomie et coopération</strong></p>
<p>L’organisation du RIAM s’apparente à celle d’un corps vivant et se base sur les principes de liens organiques :</p>
<ul>
<li>composé par des acteurs de l’agroécologie, adhérents, <strong>ses cellules</strong>,</li>
<li>structuré en différents pôles, commissions, <strong>ses organes</strong>,</li>
<li>animé par l’ensemble des liens et des relations à ses divers niveaux, et par les rôles investis par les adhérents impliqués.</li>
</ul>
<p>Ses pôles et commissions sont fixes et éphémères :</p>
<ul>
<li>commission communication, commission gouvernance, commission financements, commission RIAM SPG, commission médiation.</li>
<li>pôles recherche et expérimentation, pôle formation et transition, pôle international, pôle commercialisation, pôle agriculture urbaine, pôle éco et agrotourisme.</li>
</ul>
<p> </p>
<p><!-- /wp:paragraph --></p>								</div>
				</div>
					</div>
				</div>
				</div>
		
    <div class="xs_social_share_widget xs_share_url after_content 		main_content  wslu-style-1 wslu-share-box-shaped wslu-fill-colored wslu-none wslu-share-horizontal wslu-theme-font-no wslu-main_content">

		
        <ul>
			        </ul>
    </div>

<p>Historique Les 26 et 27 janvier 2013, des acteurs de l’agroécologie au Maroc organisent les Premières rencontres nationales du Réseau des initiatives agroécologiques au Maroc. Ces journées ont mis en avant l’agroécologie comme alternative, tant à la dégradation massive des patrimoines nourriciers, à l’insécurité alimentaire, à la pauvreté, qu’à l’exode des populations paysannes vers les centres [&hellip;]</p>
